{"id":754,"date":"2024-03-16T19:58:04","date_gmt":"2024-03-16T19:58:04","guid":{"rendered":"https:\/\/air.ba\/?page_id=754"},"modified":"2024-03-17T12:25:32","modified_gmt":"2024-03-17T12:25:32","slug":"najcesce-postavljena-pitanja","status":"publish","type":"page","link":"https:\/\/air.ba\/?page_id=754","title":{"rendered":"Naj\u010de\u0161\u0107e postavljena pitanja"},"content":{"rendered":"\n<div class=\"wp-block-columns is-layout-flex wp-container-core-columns-is-layout-28f84493 wp-block-columns-is-layout-flex\">\n<div class=\"wp-block-column is-layout-flow wp-block-column-is-layout-flow\" style=\"flex-basis:33.33%\">\n<div class=\"wp-block-columns is-layout-flex wp-container-core-columns-is-layout-28f84493 wp-block-columns-is-layout-flex\">\n<div class=\"wp-block-column has-global-padding is-content-justification-center is-layout-constrained wp-container-core-column-is-layout-79afaa5a wp-block-column-is-layout-constrained\" style=\"padding-top:0;padding-right:var(--wp--preset--spacing--70);padding-bottom:0;padding-left:var(--wp--preset--spacing--70);flex-basis:75%\">\n<div class=\"wp-block-group wow zoomIn sidebar-box has-section-bg-background-color has-background has-global-padding is-layout-constrained wp-container-core-group-is-layout-c37c750b wp-block-group-is-layout-constrained\" style=\"border-radius:10px;border-top-color:var(--wp--preset--color--custom-color-1);border-top-width:4px;border-bottom-color:var(--wp--preset--color--custom-color-1);border-bottom-width:4px;margin-bottom:50px;padding-top:20px;padding-right:20px;padding-bottom:20px;padding-left:20px\">\n<ul class=\"wp-block-list\">\n<li><a href=\"https:\/\/air.ba\/?page_id=748\">Ko smo mi?<\/a><\/li>\n\n\n\n<li><a href=\"https:\/\/air.ba\/?page_id=749\">Na\u0161i ciljevi<\/a><\/li>\n\n\n\n<li><a href=\"https:\/\/air.ba\/?page_id=750\">Tijela Udru\u017eenja<\/a><\/li>\n\n\n\n<li><a href=\"https:\/\/air.ba\/?page_id=754\">Naj\u010de\u0161\u0107e postavljana pitanja<\/a><\/li>\n<\/ul>\n<\/div>\n<\/div>\n<\/div>\n<\/div>\n\n\n\n<div class=\"wp-block-column is-layout-flow wp-block-column-is-layout-flow\" style=\"flex-basis:66.66%\">\n<h2 class=\"wp-block-heading has-text-align-center has-custom-color-1-color has-text-color has-link-color has-rubik-font-family wp-elements-da2fe69fc65fe78b8f132bd38ed1cceb\" style=\"text-transform:none\">Naj\u010de\u0161\u0107e postavljena pitanja<\/h2>\n\n\n<style>#sp-ea-449 .spcollapsing { height: 0; overflow: hidden; transition-property: height;transition-duration: 300ms;}#sp-ea-449.sp-easy-accordion>.sp-ea-single {margin-bottom: 10px; border: 1px solid #e2e2e2; }#sp-ea-449.sp-easy-accordion>.sp-ea-single>.ea-header a {color: #444;}#sp-ea-449.sp-easy-accordion>.sp-ea-single>.sp-collapse>.ea-body {background: #ffffff; color: #444;}#sp-ea-449.sp-easy-accordion>.sp-ea-single {background: #eee;}#sp-ea-449.sp-easy-accordion>.sp-ea-single>.ea-header a .ea-expand-icon { float: left; color: #254287;font-size: 16px;}<\/style><div id=\"sp_easy_accordion-1710241679\"><div id=\"sp-ea-449\" class=\"sp-ea-one sp-easy-accordion\" data-ex-icon=\"minus\" data-col-icon=\"plus\"  data-ea-active=\"ea-click\"  data-ea-mode=\"vertical\" data-preloader=\"\" data-scroll-active-item=\"\" data-offset-to-scroll=\"0\"><div class=\"ea-card  sp-ea-single\"><h3 class=\"ea-header\"><a class=\"collapsed\" id=\"ea-header-4490\" data-sptoggle=\"spcollapse\" data-sptarget=\"#collapse4490\" aria-controls=\"collapse4490\" href=\"javascript:void(0)\"  aria-expanded=\"false\" tabindex=\"0\"><i class=\"ea-expand-icon ea-icon-expand-plus\"><\/i> 1.\tKoji mi je certifikat potreban? Certifikat ovla\u0161teni interni revizor, specijalizacija javni sektor ili specijalizacija privreda?<\/a><\/h3><div class=\"sp-collapse spcollapse spcollapse\" id=\"collapse4490\" data-parent=\"#sp-ea-449\" role=\"region\" aria-labelledby=\"ea-header-4490\"><div class=\"ea-body\"><p>Ukoliko radite ili \u017eelite da aplicirate za posao u institucijama javnog sektora u Federaciji BiH, molimo da se obratite Centralnoj harmonizacijskoj jedinici Federalnog ministarstva finansija. U tom slu\u010daju, ispit za sticanje certifikata ovla\u0161teni interni revizor \u2013 specijalizacija javni sektor organizuje CHJ FMF.<\/p>\n<p>Ukoliko radite ili \u017eelite da aplicirate za posao u institucijama javnog sektora na dr\u017eavnom nivou, ispit mo\u017eete polagati kod Akademsko-strukovnog udru\u017eenja internih revizora, a potom kopiju certifikata dostaviti prema Centralnoj harmonizacijskoj jedinici Ministarstva finansija i trezora BiH uz zahtjev za verifikaciju certifikata. CHJ MFT \u0107e izdati Potvrdu o verifikaciji certifikata.<\/p>\n<p>Ukoliko radite ili \u017eelite da aplicirate za posao u privatnom sektoru u privrednim dru\u0161tvima, mo\u017eete se prijaviti da pola\u017eete ispit kod Akademsko-strukovnog udru\u017eenja internih revizora u svrhu sticanja zvanja (certifikata) ovla\u0161teni interni revizor, specijalizacija privreda.<\/p>\n<p>Ukoliko radite ili \u017eelite da aplicirate za posao u bankama, finansijskim institucijama, osiguravaju\u0107im dru\u0161tvima i drugim privatnim dru\u0161tvima na lokalnom i me\u0111unarodnom nivou, mo\u017eete se prijaviti da pola\u017eete ispit kod Akademsko-strukovnog udru\u017eenja internih revizora u svrhu sticanja zvanja (certifikata) ovla\u0161teni interni revizor, specijalizacije: banke i finansijske institucije ili osiguravaju\u0107a dru\u0161tva ili informacioni sistemi.<\/p>\n<\/div><\/div><\/div><div class=\"ea-card  sp-ea-single\"><h3 class=\"ea-header\"><a class=\"collapsed\" id=\"ea-header-4491\" data-sptoggle=\"spcollapse\" data-sptarget=\"#collapse4491\" aria-controls=\"collapse4491\" href=\"javascript:void(0)\"  aria-expanded=\"false\" tabindex=\"0\"><i class=\"ea-expand-icon ea-icon-expand-plus\"><\/i> 2.\tUkoliko sam ve\u0107 stekao jedan certifikat kod Akademskog Udru\u017eenja (naprimjer, certifikat ovla\u0161teni interni revizor, specijalizacija banke i finansijske institucije), a \u017eelim da pola\u017eem ispit za sticanje certifikata u drugoj specijalizaciji (naprimjer, osiguravaju\u0107a dru\u0161tva), koje predmete pola\u017eem?<\/a><\/h3><div class=\"sp-collapse spcollapse spcollapse\" id=\"collapse4491\" data-parent=\"#sp-ea-449\" role=\"region\" aria-labelledby=\"ea-header-4491\"><div class=\"ea-body\"><p>Ukoliko ste stekli certifikat ovla\u0161teni interni revizor u jednoj specijalizaciji (naprimjer, certifikat ovla\u0161teni interni revizor, specijalizacija banke i finansijske institucije), a \u017eelite ste\u0107i i certifikat u drugoj specijalizaciji (naprimjer, specijalizacija osiguravaju\u0107a dru\u0161tva), pola\u017eete samo razliku predmeta koja se sastoji iz 3 predmeta Specijalisti\u010dkog dijela.<\/p>\n<\/div><\/div><\/div><div class=\"ea-card  sp-ea-single\"><h3 class=\"ea-header\"><a class=\"collapsed\" id=\"ea-header-4492\" data-sptoggle=\"spcollapse\" data-sptarget=\"#collapse4492\" aria-controls=\"collapse4492\" href=\"javascript:void(0)\"  aria-expanded=\"false\" tabindex=\"0\"><i class=\"ea-expand-icon ea-icon-expand-plus\"><\/i> 3.\tKoliko \u010desto Akademsko Udru\u017eenje organizuje ispit za sticanje certifikata ovla\u0161teni interni revizor?<\/a><\/h3><div class=\"sp-collapse spcollapse spcollapse\" id=\"collapse4492\" data-parent=\"#sp-ea-449\" role=\"region\" aria-labelledby=\"ea-header-4492\"><div class=\"ea-body\"><p>Naknada koju pla\u0107ate za izlazak na ispit se odnosi na dva termina, bez obzira kada se odlu\u010dite polagati ispit. Ukoliko se predomislite i \u017eelite iza\u0107i na drugi ispitni rok, du\u017eni ste o tome obavijestiti Akademsko Udru\u017eenje radi dalje organizacije.<\/p>\n<\/div><\/div><\/div><div class=\"ea-card  sp-ea-single\"><h3 class=\"ea-header\"><a class=\"collapsed\" id=\"ea-header-4493\" data-sptoggle=\"spcollapse\" data-sptarget=\"#collapse4493\" aria-controls=\"collapse4493\" href=\"javascript:void(0)\"  aria-expanded=\"false\" tabindex=\"0\"><i class=\"ea-expand-icon ea-icon-expand-plus\"><\/i> 4.\tIako sam uplatio(la) naknadu za izlazak na ispit u junu\/julu, a u me\u0111uvremenu se predomislim i \u017eelim da pola\u017eem ispit u zimskom terminu, da li moram platiti ponovo?<\/a><\/h3><div class=\"sp-collapse spcollapse spcollapse\" id=\"collapse4493\" data-parent=\"#sp-ea-449\" role=\"region\" aria-labelledby=\"ea-header-4493\"><div class=\"ea-body\"><p>Naknada koju pla\u0107ate za izlazak na ispit se odnosi na dva termina, bez obzira kada se odlu\u010dite polagati ispit. Ukoliko se predomislite i \u017eelite iza\u0107i na drugi ispitni rok, du\u017eni ste o tome obavijestiti Akademsko Udru\u017eenje radi dalje organizacije.<\/p>\n<\/div><\/div><\/div><div class=\"ea-card  sp-ea-single\"><h3 class=\"ea-header\"><a class=\"collapsed\" id=\"ea-header-4494\" data-sptoggle=\"spcollapse\" data-sptarget=\"#collapse4494\" aria-controls=\"collapse4494\" href=\"javascript:void(0)\"  aria-expanded=\"false\" tabindex=\"0\"><i class=\"ea-expand-icon ea-icon-expand-plus\"><\/i> 5.\tKoja je razlika izme\u0111u certifikata i licence internog revizora?<\/a><\/h3><div class=\"sp-collapse spcollapse spcollapse\" id=\"collapse4494\" data-parent=\"#sp-ea-449\" role=\"region\" aria-labelledby=\"ea-header-4494\"><div class=\"ea-body\"><p>Certifikat ovla\u0161tenog internog revizora se izdaje jednokratno i smatra se potvrdom da je kandidat polo\u017eio ispit u svrhu sticanja certifikata odnosno profesionalnog zvanja.<\/p>\n<p>Akademsko Udru\u017eenje organizuje ispit u svrhu sticanja zvanja i dobijanja certifikata ovla\u0161tenog internog revizora za sljede\u0107e specijalizacije:<\/p>\n<ul>\n<li>Specijalizacija banke i finansijske institucije,<\/li>\n<li>Specijalizacija privreda,<\/li>\n<li>Specijalizacija osiguravaju\u0107a dru\u0161tva i<\/li>\n<li>Specijalizacija informacioni sistemi.<\/li>\n<\/ul>\n<p>Kada se govori o licenciranju, u smislu dozvole za rad internih revizora, izdavanje licence trenutno nije regulisano niti propisano aktima od strane Federalnog ministarstva finansija niti od strane Ministarstva finansija i trezora BiH.<\/p>\n<p>Trenutno, izdavanje licenci u Bosni i Hercegovini provodi jedino Minstarstvo finansija Republike Srpske, koje izdaje licence svima koji posjeduju certifikat Ministarstva finansija Republike Srpske i ispunjavaju uslov po pitanju broja sati edukacije.<\/p>\n<p>Na nivou institucija Bosne i Hercegovine i Federacije BiH ne izdaje se licenca internim revizorima, ali je propisana obaveza kontinuirane profesionalne edukacije koju prate nadle\u017ene centralne harmonizacijske jedinice<\/p>\n<\/div><\/div><\/div><div class=\"ea-card  sp-ea-single\"><h3 class=\"ea-header\"><a class=\"collapsed\" id=\"ea-header-4495\" data-sptoggle=\"spcollapse\" data-sptarget=\"#collapse4495\" aria-controls=\"collapse4495\" href=\"javascript:void(0)\"  aria-expanded=\"false\" tabindex=\"0\"><i class=\"ea-expand-icon ea-icon-expand-plus\"><\/i> 6.\tDa li interni revizori imaju obavezu kontinuirane profesionalne edukacije?<\/a><\/h3><div class=\"sp-collapse spcollapse spcollapse\" id=\"collapse4495\" data-parent=\"#sp-ea-449\" role=\"region\" aria-labelledby=\"ea-header-4495\"><div class=\"ea-body\"><p>Da, kao i sve druge srodne ra\u010dunovodstvene i revizijske profesije, i profesija interne revizije ima obavezu kontinuirane profesionalne edukacije i kontinuiranog profesionalnog razvoja, kako se to naziva u posljednje vrijeme. Kontinuirana profesionalna edukacija (KPE) predstavlja proces u kojem interni revizori odr\u017eavaju nivo svoje stru\u010dnosti s ciljem odr\u017eavanja i unaprje\u0111enja kvaliteta usluga koje pru\u017eaju i postupak kroz koji razvijaju i nadogra\u0111uju svoja znanja kroz dalji profesionalni razvoj. Interni revizori obavezni su da se kontinuirano usavr\u0161avaju i unapre\u0111uju svoje znanje, vje\u0161tine i druge sposobnosti koje su im potrebne za kvalitetno obavljanje njihovog posla.<\/p>\n<p>U skladu sa dobrim praksama, interni revizori naj\u010de\u0161\u0107e imaju obavezu od minimalno 40 sati kontinuirane profesionalne edukacije na godi\u0161njem nivou. Dakle, interni revizori su du\u017eni da se kontinuirano educiraju.<\/p>\n<p>&nbsp;<\/p>\n<\/div><\/div><\/div><\/div><\/div>\n\n\n\n<div style=\"height:15px\" aria-hidden=\"true\" class=\"wp-block-spacer\"><\/div>\n<\/div>\n<\/div>\n","protected":false},"excerpt":{"rendered":"<p>Naj\u010de\u0161\u0107e postavljena pitanja<\/p>\n","protected":false},"author":1,"featured_media":0,"parent":0,"menu_order":0,"comment_status":"closed","ping_status":"closed","template":"","meta":{"footnotes":""},"class_list":["post-754","page","type-page","status-publish","hentry"],"_links":{"self":[{"href":"https:\/\/air.ba\/index.php?rest_route=\/wp\/v2\/pages\/754","targetHints":{"allow":["GET"]}}],"collection":[{"href":"https:\/\/air.ba\/index.php?rest_route=\/wp\/v2\/pages"}],"about":[{"href":"https:\/\/air.ba\/index.php?rest_route=\/wp\/v2\/types\/page"}],"author":[{"embeddable":true,"href":"https:\/\/air.ba\/index.php?rest_route=\/wp\/v2\/users\/1"}],"replies":[{"embeddable":true,"href":"https:\/\/air.ba\/index.php?rest_route=%2Fwp%2Fv2%2Fcomments&post=754"}],"version-history":[{"count":6,"href":"https:\/\/air.ba\/index.php?rest_route=\/wp\/v2\/pages\/754\/revisions"}],"predecessor-version":[{"id":852,"href":"https:\/\/air.ba\/index.php?rest_route=\/wp\/v2\/pages\/754\/revisions\/852"}],"wp:attachment":[{"href":"https:\/\/air.ba\/index.php?rest_route=%2Fwp%2Fv2%2Fmedia&parent=754"}],"curies":[{"name":"wp","href":"https:\/\/api.w.org\/{rel}","templated":true}]}}