{"id":750,"date":"2024-03-16T19:57:30","date_gmt":"2024-03-16T19:57:30","guid":{"rendered":"https:\/\/air.ba\/?page_id=750"},"modified":"2024-03-17T12:19:40","modified_gmt":"2024-03-17T12:19:40","slug":"tijela-udruzenja","status":"publish","type":"page","link":"https:\/\/air.ba\/?page_id=750","title":{"rendered":"Tijela udru\u017eenja"},"content":{"rendered":"\n<div class=\"wp-block-columns is-layout-flex wp-container-core-columns-is-layout-28f84493 wp-block-columns-is-layout-flex\">\n<div class=\"wp-block-column is-layout-flow wp-block-column-is-layout-flow\" style=\"flex-basis:33.33%\">\n<div class=\"wp-block-columns is-layout-flex wp-container-core-columns-is-layout-28f84493 wp-block-columns-is-layout-flex\">\n<div class=\"wp-block-column has-global-padding is-content-justification-center is-layout-constrained wp-container-core-column-is-layout-79afaa5a wp-block-column-is-layout-constrained\" style=\"padding-top:0;padding-right:var(--wp--preset--spacing--70);padding-bottom:0;padding-left:var(--wp--preset--spacing--70);flex-basis:75%\">\n<div class=\"wp-block-group wow zoomIn sidebar-box has-section-bg-background-color has-background has-global-padding is-layout-constrained wp-container-core-group-is-layout-c37c750b wp-block-group-is-layout-constrained\" style=\"border-radius:10px;border-top-color:var(--wp--preset--color--custom-color-1);border-top-width:4px;border-bottom-color:var(--wp--preset--color--custom-color-1);border-bottom-width:4px;margin-bottom:50px;padding-top:20px;padding-right:20px;padding-bottom:20px;padding-left:20px\">\n<ul class=\"wp-block-list\">\n<li><a href=\"https:\/\/air.ba\/?page_id=748\">Ko smo mi?<\/a><\/li>\n\n\n\n<li><a href=\"https:\/\/air.ba\/?page_id=749\">Na\u0161i ciljevi<\/a><\/li>\n\n\n\n<li><a href=\"https:\/\/air.ba\/?page_id=750\">Tijela udru\u017eenja<\/a><\/li>\n\n\n\n<li><a href=\"https:\/\/air.ba\/?page_id=754\">Naj\u010de\u0161\u0107e postavljena pitanja<\/a><\/li>\n<\/ul>\n<\/div>\n<\/div>\n<\/div>\n<\/div>\n\n\n\n<div class=\"wp-block-column is-layout-flow wp-block-column-is-layout-flow\" style=\"flex-basis:66.66%\">\n<h2 class=\"wp-block-heading has-custom-color-1-color has-text-color has-link-color wp-elements-0427684438be445d2b5c62046d26329f\" id=\"tijela_udruzenja\"><strong>Tijela Udru\u017eenja<\/strong>?<\/h2>\n\n\n\n<p>Organi Udru\u017eenja<\/p>\n\n\n\n<ul class=\"wp-block-list\">\n<li>Skup\u0161tina bira predsjednika Skup\u0161tine. Mandat predsjednika Skup\u0161tine Udru\u017eenja traje \u010detiri godine uz mogu\u0107nost reizbora.<\/li>\n\n\n\n<li>Upravni odbor Udru\u017eenja broji 3 \u010dlana, od kojih je jedan predsjednik, jedan podpredsjednik i jedan \u010dlan i iste bira Skup\u0161tina Udru\u017eenja na period od \u010detiri (4) godine sa mogu\u0107no\u0161\u0107u reizbora.<\/li>\n<\/ul>\n\n\n\n<p>Odbori, Komisije i druga tijela u Udru\u017eenju<\/p>\n\n\n\n<ul class=\"wp-block-list\">\n<li>Savjetodavni odbor je savjetodavno tijelo koje se konstitui\u0161e na redovnoj godi\u0161njoj skup\u0161tini. Savjetodavni odbor Udru\u017eenja broji pet \u010dlanova, od kojih su&nbsp; dva (2) \u010dlana direktno po funkciji, i to: Predsjednik Skup\u0161tine, Predsjednik Upravnog odbora, odnosno predsjednik Udru\u017eenja i tri (3) \u010dlana Udru\u017eenja koji svojim li\u010dnim anga\u017emanom i profesionalnim iskustvom mogu u potpunosti odgovoriti zahtjevima ispunjavanja osnovnih ciljeva Udru\u017eenja.<\/li>\n\n\n\n<li>Upravni odbor Udru\u017eenja mo\u017ee u skladu sa preporukom i mi\u0161ljenjem Konsultativnog Odbora, a u cilju efikasnijeg rada i ispunjenja ciljeva Udru\u017eenja po ukazanoj potrebi obrazovati komisije kao \u0161to su:\n<ul class=\"wp-block-list\">\n<li>Komisija za odnose s javno\u0161\u0107u<\/li>\n\n\n\n<li>Komisija za edukaciju<\/li>\n\n\n\n<li>Komisija za certifikaciju<\/li>\n\n\n\n<li>Komisija za moral i etiku i<\/li>\n\n\n\n<li>Komisija za standarde.<\/li>\n<\/ul>\n<\/li>\n<\/ul>\n\n\n\n<hr class=\"wp-block-separator has-text-color has-custom-color-1-color has-alpha-channel-opacity has-custom-color-1-background-color has-background\"\/>\n\n\n\n<div style=\"height:15px\" aria-hidden=\"true\" class=\"wp-block-spacer\"><\/div>\n<\/div>\n<\/div>\n","protected":false},"excerpt":{"rendered":"<p>Tijela Udru\u017eenja? Organi Udru\u017eenja Odbori, Komisije i druga tijela u Udru\u017eenju<\/p>\n","protected":false},"author":1,"featured_media":0,"parent":0,"menu_order":0,"comment_status":"closed","ping_status":"closed","template":"","meta":{"footnotes":""},"class_list":["post-750","page","type-page","status-publish","hentry"],"_links":{"self":[{"href":"https:\/\/air.ba\/index.php?rest_route=\/wp\/v2\/pages\/750","targetHints":{"allow":["GET"]}}],"collection":[{"href":"https:\/\/air.ba\/index.php?rest_route=\/wp\/v2\/pages"}],"about":[{"href":"https:\/\/air.ba\/index.php?rest_route=\/wp\/v2\/types\/page"}],"author":[{"embeddable":true,"href":"https:\/\/air.ba\/index.php?rest_route=\/wp\/v2\/users\/1"}],"replies":[{"embeddable":true,"href":"https:\/\/air.ba\/index.php?rest_route=%2Fwp%2Fv2%2Fcomments&post=750"}],"version-history":[{"count":3,"href":"https:\/\/air.ba\/index.php?rest_route=\/wp\/v2\/pages\/750\/revisions"}],"predecessor-version":[{"id":848,"href":"https:\/\/air.ba\/index.php?rest_route=\/wp\/v2\/pages\/750\/revisions\/848"}],"wp:attachment":[{"href":"https:\/\/air.ba\/index.php?rest_route=%2Fwp%2Fv2%2Fmedia&parent=750"}],"curies":[{"name":"wp","href":"https:\/\/api.w.org\/{rel}","templated":true}]}}

Tijela udruženja

<div class="wp-block-columns is-layout-flex wp-container-core-columns-is-layout-28f84493 wp-block-columns-is-layout-flex">
<div class="wp-block-column is-layout-flow wp-block-column-is-layout-flow" style="flex-basis:33.33%">
<div class="wp-block-columns is-layout-flex wp-container-core-columns-is-layout-28f84493 wp-block-columns-is-layout-flex">
<div class="wp-block-column has-global-padding is-content-justification-center is-layout-constrained wp-container-core-column-is-layout-79afaa5a wp-block-column-is-layout-constrained" style="padding-top:0;padding-right:var(--wp--preset--spacing--70);padding-bottom:0;padding-left:var(--wp--preset--spacing--70);flex-basis:75%">
<div class="wp-block-group wow zoomIn sidebar-box has-section-bg-background-color has-background has-global-padding is-layout-constrained wp-container-core-group-is-layout-c37c750b wp-block-group-is-layout-constrained" style="border-radius:10px;border-top-color:var(--wp--preset--color--custom-color-1);border-top-width:4px;border-bottom-color:var(--wp--preset--color--custom-color-1);border-bottom-width:4px;margin-bottom:50px;padding-top:20px;padding-right:20px;padding-bottom:20px;padding-left:20px">
<ul class="wp-block-list">
<li><a href="https://air.ba/?page_id=748">Ko smo mi?</a></li>



<li><a href="https://air.ba/?page_id=749">Naši ciljevi</a></li>



<li><a href="https://air.ba/?page_id=750">Tijela udruženja</a></li>



<li><a href="https://air.ba/?page_id=754">Najčešće postavljena pitanja</a></li>
</ul>
</div>
</div>
</div>
</div>



<div class="wp-block-column is-layout-flow wp-block-column-is-layout-flow" style="flex-basis:66.66%">
<h2 class="wp-block-heading has-custom-color-1-color has-text-color has-link-color wp-elements-0427684438be445d2b5c62046d26329f" id="tijela_udruzenja"><strong>Tijela Udruženja</strong>?</h2>



<p>Organi Udruženja</p>



<ul class="wp-block-list">
<li>Skupština bira predsjednika Skupštine. Mandat predsjednika Skupštine Udruženja traje četiri godine uz mogućnost reizbora.</li>



<li>Upravni odbor Udruženja broji 3 člana, od kojih je jedan predsjednik, jedan podpredsjednik i jedan član i iste bira Skupština Udruženja na period od četiri (4) godine sa mogućnošću reizbora.</li>
</ul>



<p>Odbori, Komisije i druga tijela u Udruženju</p>



<ul class="wp-block-list">
<li>Savjetodavni odbor je savjetodavno tijelo koje se konstituiše na redovnoj godišnjoj skupštini. Savjetodavni odbor Udruženja broji pet članova, od kojih su&nbsp; dva (2) člana direktno po funkciji, i to: Predsjednik Skupštine, Predsjednik Upravnog odbora, odnosno predsjednik Udruženja i tri (3) člana Udruženja koji svojim ličnim angažmanom i profesionalnim iskustvom mogu u potpunosti odgovoriti zahtjevima ispunjavanja osnovnih ciljeva Udruženja.</li>



<li>Upravni odbor Udruženja može u skladu sa preporukom i mišljenjem Konsultativnog Odbora, a u cilju efikasnijeg rada i ispunjenja ciljeva Udruženja po ukazanoj potrebi obrazovati komisije kao što su:
<ul class="wp-block-list">
<li>Komisija za odnose s javnošću</li>



<li>Komisija za edukaciju</li>



<li>Komisija za certifikaciju</li>



<li>Komisija za moral i etiku i</li>



<li>Komisija za standarde.</li>
</ul>
</li>
</ul>



<hr class="wp-block-separator has-text-color has-custom-color-1-color has-alpha-channel-opacity has-custom-color-1-background-color has-background"/>



<div style="height:15px" aria-hidden="true" class="wp-block-spacer"></div>
</div>
</div>

<p>Tijela Udruženja? Organi Udruženja Odbori, Komisije i druga tijela u Udruženju</p>
