{"id":749,"date":"2024-03-16T19:57:13","date_gmt":"2024-03-16T19:57:13","guid":{"rendered":"https:\/\/air.ba\/?page_id=749"},"modified":"2024-03-17T12:17:39","modified_gmt":"2024-03-17T12:17:39","slug":"nasi-ciljevi","status":"publish","type":"page","link":"https:\/\/air.ba\/?page_id=749","title":{"rendered":"Na\u0161i ciljevi"},"content":{"rendered":"\n<div class=\"wp-block-columns is-layout-flex wp-container-core-columns-is-layout-28f84493 wp-block-columns-is-layout-flex\">\n<div class=\"wp-block-column is-layout-flow wp-block-column-is-layout-flow\" style=\"flex-basis:33.33%\">\n<div class=\"wp-block-columns is-layout-flex wp-container-core-columns-is-layout-28f84493 wp-block-columns-is-layout-flex\">\n<div class=\"wp-block-column has-global-padding is-content-justification-center is-layout-constrained wp-container-core-column-is-layout-79afaa5a wp-block-column-is-layout-constrained\" style=\"padding-top:0;padding-right:var(--wp--preset--spacing--70);padding-bottom:0;padding-left:var(--wp--preset--spacing--70);flex-basis:75%\">\n<div class=\"wp-block-group wow zoomIn sidebar-box has-section-bg-background-color has-background has-global-padding is-layout-constrained wp-container-core-group-is-layout-c37c750b wp-block-group-is-layout-constrained\" style=\"border-radius:10px;border-top-color:var(--wp--preset--color--custom-color-1);border-top-width:4px;border-bottom-color:var(--wp--preset--color--custom-color-1);border-bottom-width:4px;margin-bottom:50px;padding-top:20px;padding-right:20px;padding-bottom:20px;padding-left:20px\">\n<ul class=\"wp-block-list\">\n<li><a href=\"https:\/\/air.ba\/?page_id=748\">Ko smo mi?<\/a><\/li>\n\n\n\n<li><a href=\"https:\/\/air.ba\/?page_id=749\">Na\u0161i ciljevi<\/a><\/li>\n\n\n\n<li><a href=\"https:\/\/air.ba\/?page_id=750\">Tijela udru\u017eenja<\/a><\/li>\n\n\n\n<li><a href=\"https:\/\/air.ba\/?page_id=754\">Naj\u010de\u0161\u0107e postavljena pitanja<\/a><\/li>\n<\/ul>\n<\/div>\n<\/div>\n<\/div>\n<\/div>\n\n\n\n<div class=\"wp-block-column is-layout-flow wp-block-column-is-layout-flow\" style=\"flex-basis:66.66%\">\n<h2 class=\"wp-block-heading has-custom-color-1-color has-text-color has-link-color wp-elements-b3d97a05bb035be9e5c3f0ab51654c71\" id=\"nasi_ciljevi\"><strong>Na\u0161i ciljevi<\/strong>?<\/h2>\n\n\n\n<p>Ciljevi i djelatnost Udru\u017eenja su:<\/p>\n\n\n\n<ul class=\"wp-block-list\">\n<li>akademski i strukovni razvoj interne revizije u Bosni i Hercegovini<\/li>\n\n\n\n<li>rad na razvoju, unapre\u0111ivanju, uspostavljanju i odr\u017eavanju standarda za profesionalnu praksu&nbsp; interne&nbsp; revizije&nbsp; i&nbsp; standarda&nbsp; za&nbsp; ocjenjivanje&nbsp; kvaliteta&nbsp;&nbsp; organizacija&nbsp;&nbsp; interne revizije<\/li>\n\n\n\n<li>organiziranje svih vidova akademskih i&nbsp; stukovnih&nbsp; edukacija,&nbsp; specijalisti\u010dkih&nbsp; obuka i stru\u010dnih&nbsp; provjera za&nbsp; sticanje zvanja internih revizora,&nbsp; kao&nbsp; i&nbsp;&nbsp; drugih zvanja vezanim za podru\u010dje djelovanja interne revizije za \u010dlanove Udru\u017eenja u skladu sa Zakonom<\/li>\n\n\n\n<li>promovisanje&nbsp; nau\u010dne&nbsp; oblasti&nbsp; interne&nbsp; revizije i profesionalne prakse&nbsp; interne&nbsp; revizije<\/li>\n\n\n\n<li>povezivanje i saradnja&nbsp; akademskih&nbsp; stru\u010dnjaka&nbsp; i&nbsp; stru\u010dnjaka&nbsp; iz&nbsp; prakse&nbsp; koji&nbsp; rade na podru\u010dju interne revizije i drugim povezanim podru\u010djima<\/li>\n\n\n\n<li>organiziranje&nbsp; savjetovanja&nbsp; i&nbsp; drugih&nbsp; nau\u010dnih&nbsp; i&nbsp; stru\u010dnih&nbsp; skupova&nbsp; na&nbsp; teme&nbsp; iz oblasti interne revizije i drugih srodnih podru\u010dja<\/li>\n\n\n\n<li>izdavanje akademskih i stru\u010dnih publikacija u skladu sa Zakonom<\/li>\n\n\n\n<li>saradnja&nbsp; sa&nbsp; nadle\u017enim organima,&nbsp; tijelima&nbsp; i organizacijama&nbsp; u&nbsp; Bosni i Hercegovini u cilju unapre\u0111enja, razvoja i za\u0161tite struke interne revizije<\/li>\n\n\n\n<li>promovisanje zna\u010daja i ugleda struke internih revizora<\/li>\n\n\n\n<li>ostvarivanje saradnje sa drugim srodnim asocijacijama u zemlji i inostranstvu<\/li>\n<\/ul>\n\n\n\n<hr class=\"wp-block-separator has-text-color has-custom-color-1-color has-alpha-channel-opacity has-custom-color-1-background-color has-background\"\/>\n\n\n\n<div style=\"height:15px\" aria-hidden=\"true\" class=\"wp-block-spacer\"><\/div>\n<\/div>\n<\/div>\n","protected":false},"excerpt":{"rendered":"<p>Na\u0161i ciljevi? Ciljevi i djelatnost Udru\u017eenja su:<\/p>\n","protected":false},"author":1,"featured_media":0,"parent":0,"menu_order":0,"comment_status":"closed","ping_status":"closed","template":"","meta":{"footnotes":""},"class_list":["post-749","page","type-page","status-publish","hentry"],"_links":{"self":[{"href":"https:\/\/air.ba\/index.php?rest_route=\/wp\/v2\/pages\/749","targetHints":{"allow":["GET"]}}],"collection":[{"href":"https:\/\/air.ba\/index.php?rest_route=\/wp\/v2\/pages"}],"about":[{"href":"https:\/\/air.ba\/index.php?rest_route=\/wp\/v2\/types\/page"}],"author":[{"embeddable":true,"href":"https:\/\/air.ba\/index.php?rest_route=\/wp\/v2\/users\/1"}],"replies":[{"embeddable":true,"href":"https:\/\/air.ba\/index.php?rest_route=%2Fwp%2Fv2%2Fcomments&post=749"}],"version-history":[{"count":3,"href":"https:\/\/air.ba\/index.php?rest_route=\/wp\/v2\/pages\/749\/revisions"}],"predecessor-version":[{"id":847,"href":"https:\/\/air.ba\/index.php?rest_route=\/wp\/v2\/pages\/749\/revisions\/847"}],"wp:attachment":[{"href":"https:\/\/air.ba\/index.php?rest_route=%2Fwp%2Fv2%2Fmedia&parent=749"}],"curies":[{"name":"wp","href":"https:\/\/api.w.org\/{rel}","templated":true}]}}

Naši ciljevi

<div class="wp-block-columns is-layout-flex wp-container-core-columns-is-layout-28f84493 wp-block-columns-is-layout-flex">
<div class="wp-block-column is-layout-flow wp-block-column-is-layout-flow" style="flex-basis:33.33%">
<div class="wp-block-columns is-layout-flex wp-container-core-columns-is-layout-28f84493 wp-block-columns-is-layout-flex">
<div class="wp-block-column has-global-padding is-content-justification-center is-layout-constrained wp-container-core-column-is-layout-79afaa5a wp-block-column-is-layout-constrained" style="padding-top:0;padding-right:var(--wp--preset--spacing--70);padding-bottom:0;padding-left:var(--wp--preset--spacing--70);flex-basis:75%">
<div class="wp-block-group wow zoomIn sidebar-box has-section-bg-background-color has-background has-global-padding is-layout-constrained wp-container-core-group-is-layout-c37c750b wp-block-group-is-layout-constrained" style="border-radius:10px;border-top-color:var(--wp--preset--color--custom-color-1);border-top-width:4px;border-bottom-color:var(--wp--preset--color--custom-color-1);border-bottom-width:4px;margin-bottom:50px;padding-top:20px;padding-right:20px;padding-bottom:20px;padding-left:20px">
<ul class="wp-block-list">
<li><a href="https://air.ba/?page_id=748">Ko smo mi?</a></li>



<li><a href="https://air.ba/?page_id=749">Naši ciljevi</a></li>



<li><a href="https://air.ba/?page_id=750">Tijela udruženja</a></li>



<li><a href="https://air.ba/?page_id=754">Najčešće postavljena pitanja</a></li>
</ul>
</div>
</div>
</div>
</div>



<div class="wp-block-column is-layout-flow wp-block-column-is-layout-flow" style="flex-basis:66.66%">
<h2 class="wp-block-heading has-custom-color-1-color has-text-color has-link-color wp-elements-b3d97a05bb035be9e5c3f0ab51654c71" id="nasi_ciljevi"><strong>Naši ciljevi</strong>?</h2>



<p>Ciljevi i djelatnost Udruženja su:</p>



<ul class="wp-block-list">
<li>akademski i strukovni razvoj interne revizije u Bosni i Hercegovini</li>



<li>rad na razvoju, unapređivanju, uspostavljanju i održavanju standarda za profesionalnu praksu&nbsp; interne&nbsp; revizije&nbsp; i&nbsp; standarda&nbsp; za&nbsp; ocjenjivanje&nbsp; kvaliteta&nbsp;&nbsp; organizacija&nbsp;&nbsp; interne revizije</li>



<li>organiziranje svih vidova akademskih i&nbsp; stukovnih&nbsp; edukacija,&nbsp; specijalističkih&nbsp; obuka i stručnih&nbsp; provjera za&nbsp; sticanje zvanja internih revizora,&nbsp; kao&nbsp; i&nbsp;&nbsp; drugih zvanja vezanim za područje djelovanja interne revizije za članove Udruženja u skladu sa Zakonom</li>



<li>promovisanje&nbsp; naučne&nbsp; oblasti&nbsp; interne&nbsp; revizije i profesionalne prakse&nbsp; interne&nbsp; revizije</li>



<li>povezivanje i saradnja&nbsp; akademskih&nbsp; stručnjaka&nbsp; i&nbsp; stručnjaka&nbsp; iz&nbsp; prakse&nbsp; koji&nbsp; rade na području interne revizije i drugim povezanim područjima</li>



<li>organiziranje&nbsp; savjetovanja&nbsp; i&nbsp; drugih&nbsp; naučnih&nbsp; i&nbsp; stručnih&nbsp; skupova&nbsp; na&nbsp; teme&nbsp; iz oblasti interne revizije i drugih srodnih područja</li>



<li>izdavanje akademskih i stručnih publikacija u skladu sa Zakonom</li>



<li>saradnja&nbsp; sa&nbsp; nadležnim organima,&nbsp; tijelima&nbsp; i organizacijama&nbsp; u&nbsp; Bosni i Hercegovini u cilju unapređenja, razvoja i zaštite struke interne revizije</li>



<li>promovisanje značaja i ugleda struke internih revizora</li>



<li>ostvarivanje saradnje sa drugim srodnim asocijacijama u zemlji i inostranstvu</li>
</ul>



<hr class="wp-block-separator has-text-color has-custom-color-1-color has-alpha-channel-opacity has-custom-color-1-background-color has-background"/>



<div style="height:15px" aria-hidden="true" class="wp-block-spacer"></div>
</div>
</div>

<p>Naši ciljevi? Ciljevi i djelatnost Udruženja su:</p>
