{"id":731,"date":"2024-03-16T19:39:23","date_gmt":"2024-03-16T19:39:23","guid":{"rendered":"https:\/\/air.ba\/?page_id=731"},"modified":"2026-04-21T06:24:37","modified_gmt":"2026-04-21T06:24:37","slug":"zbornik-radova","status":"publish","type":"page","link":"https:\/\/air.ba\/?page_id=731","title":{"rendered":"Zbornik radova"},"content":{"rendered":"\r\n<div class=\"wp-block-columns is-layout-flex wp-container-core-columns-is-layout-28f84493 wp-block-columns-is-layout-flex\">\r\n<div class=\"wp-block-column is-layout-flow wp-block-column-is-layout-flow\" style=\"flex-basis: 33.33%;\">\r\n<div class=\"wp-block-columns is-layout-flex wp-container-core-columns-is-layout-28f84493 wp-block-columns-is-layout-flex\">\r\n<div class=\"wp-block-column has-global-padding is-content-justification-center is-layout-constrained wp-container-core-column-is-layout-79afaa5a wp-block-column-is-layout-constrained\" style=\"flex-basis: 75%; padding: 0 var(--wp--preset--spacing--70) 0 var(--wp--preset--spacing--70);\">\r\n<div class=\"wp-block-group wow zoomIn sidebar-box has-section-bg-background-color has-background has-global-padding is-layout-constrained wp-container-core-group-is-layout-c37c750b wp-block-group-is-layout-constrained\" style=\"border-radius: 10px; border-top-color: var(--wp--preset--color--custom-color-1); border-top-width: 4px; border-bottom-color: var(--wp--preset--color--custom-color-1); border-bottom-width: 4px; margin-bottom: 50px; padding: 20px;\">\r\n<ul class=\"wp-block-list\">\r\n<li><a href=\"https:\/\/air.ba\/?page_id=731\">Zbornik radova<\/a><\/li>\r\n\r\n\r\n\r\n<li><a href=\"https:\/\/air.ba\/?page_id=734\">Ostale publikacije<\/a><\/li>\r\n\r\n\r\n\r\n<li><a href=\"https:\/\/air.ba\/?page_id=735\">Standardi<\/a><\/li>\r\n\r\n\r\n\r\n<li><a href=\"https:\/\/air.ba\/?page_id=733\">Baza znanja<\/a><\/li>\r\n<\/ul>\r\n<\/div>\r\n<\/div>\r\n<\/div>\r\n<\/div>\r\n\r\n\r\n\r\n<div class=\"wp-block-column is-layout-flow wp-block-column-is-layout-flow\" style=\"flex-basis: 66.66%;\">\r\n<h2 id=\"ko_smo_mi\" class=\"wp-block-heading has-custom-color-1-color has-text-color has-link-color wp-elements-5ca6d0b9f2138fdc07f766070ae1080e\"><strong>Zbornik radova<\/strong><\/h2>\r\n\r\n\r\n\r\n<p><span lang=\"DE-AT\">Akademsko-strukovno udru\u017eenje internih revizora obavje\u0161tava svoje \u010dlanove i sva zainteresovana lica da je Zbornik radova &#8220;Interni revizor&#8221; &#8211; 2023 izdat u januaru 2024. godine.<\/span><\/p>\r\n<p><span lang=\"DE-AT\">Ukoliko ste zainteresovani, mo\u017eete popuniti Narud\u017ebenicu, te naru\u010diti svoje primjerke ovog vrijednog Zbornika \u010dlanaka koje su na\u0161i saradnici iz akademske zajednice, kao i stru\u010dnjaci iz prakse pripremili za vas. Zbornik radova predstavlja zbirku radova sa temama koje smo obradili na seminarima, webinarima i radionicama u toku godine.<\/span><\/p>\r\n<p><span lang=\"DE-AT\"><a href=\"https:\/\/air.ba\/wp-content\/uploads\/2025\/06\/Narudzbenica_Zbornik_radova_za-web.pdf\">Narud\u017ebenica &#8211; Zbornik radova<\/a>\u00a0(Molimo da popunite Narud\u017ebenicu, te da istu dostavite na na\u0161 email\u00a0<\/span><span id=\"cloak12457\"><\/span><a href=\"mailto:info@air.ba\">info@air.ba<\/a><\/p>\r\n<ol>\r\n<li><a href=\"https:\/\/air.ba\/wp-content\/uploads\/2026\/04\/Sadrzaj_Zbornik_radova_2026.pdf\">Sadr\u017eaj Zbornik radova &#8220;Interni revizor &#8211; 2026&#8221;<\/a><\/li>\r\n<li><a href=\"https:\/\/air.ba\/wp-content\/uploads\/2025\/05\/Sadrzaj_Zbornik_radova_2025.pdf\">Sadr\u017eaj Zbornik radova &#8220;Interni revizor &#8211; 2025&#8221;<\/a><\/li>\r\n<li><a href=\"https:\/\/air.ba\/wp-content\/uploads\/2025\/05\/Sadrzaj_Zbornik_radova_2024.pdf\">Sadr\u017eaj Zbornik radova &#8220;Interni revizor &#8211; 2024&#8221;<\/a><\/li>\r\n<li><a href=\"https:\/\/air.ba\/images\/dokumenti\/Sadrzaj_Zbornik_radova_2023.pdf\">Sadr\u017eaj Zbornik radova &#8220;Interni revizor &#8211; 2023&#8221;<\/a><\/li>\r\n<li><a href=\"https:\/\/air.ba\/images\/dokumenti\/Sadrzaj_Zbornik_radova_2022.pdf\">Sadr\u017eaj Zbornik radova &#8220;Interni revizor &#8211; 2022&#8221;<\/a><\/li>\r\n<li><a href=\"https:\/\/air.ba\/images\/dokumenti\/Sadrzaj_Zbornik_radova_Interni_revizor_2021.pdf\">Sadr\u017eaj Zbornik radova &#8220;Interni revizor &#8211; 2021&#8221;<\/a><\/li>\r\n<li><a href=\"https:\/\/air.ba\/dokumenti\/Sadrzaj_Zbornik_radova_Interni_revizor_2020.pdf\">Sadr\u017eaj Zbornik radova &#8220;Interni revizor &#8211; 2020&#8221;<\/a><\/li>\r\n<li><a href=\"https:\/\/air.ba\/dokumenti\/Sadrzaj_Zbornik_radova_Interni_revizor_2019.pdf\">Sadr\u017eaj Zbornik radova &#8220;Interni revizor &#8211; 2019&#8221;<\/a><\/li>\r\n<li><a href=\"https:\/\/air.ba\/dokumenti\/Sadrzaj_Zbornik_radova_Interni_revizor_2018.pdf\">Sadr\u017eaj Zbornik radova &#8220;Interni revizor &#8211; 2018&#8221;<\/a><\/li>\r\n<\/ol>\r\n<p><strong>Informacije:<\/strong><\/p>\r\n<p>Akademsko-strukovno udru\u017eenje internih revizora u Bosni i Hercegovini<\/p>\r\n<p>Skenderija 70\/III, 71000 Sarajevo<\/p>\r\n<p><strong>Tel:<\/strong>\u00a0033 564 354<\/p>\r\n<p><strong>Email:<\/strong>\u00a0<span id=\"cloak69206\"><\/span><a href=\"mailto:info@air.ba\">info@air.ba<\/a><\/p>\r\n\r\n\r\n<hr class=\"wp-block-separator has-text-color has-custom-color-1-color has-alpha-channel-opacity has-custom-color-1-background-color has-background\" \/>\r\n\r\n\r\n<div class=\"wp-block-spacer\" style=\"height: 15px;\" aria-hidden=\"true\">\u00a0<\/div>\r\n<\/div>\r\n<\/div>\r\n","protected":false},"excerpt":{"rendered":"<p>Zbornik radova Akademsko-strukovno udru\u017eenje internih revizora obavje\u0161tava svoje \u010dlanove i sva zainteresovana lica da je Zbornik radova &#8220;Interni revizor&#8221; &#8211; 2023 izdat u januaru 2024. godine. Ukoliko ste zainteresovani, mo\u017eete popuniti Narud\u017ebenicu, te naru\u010diti svoje primjerke ovog vrijednog Zbornika \u010dlanaka koje su na\u0161i saradnici iz akademske zajednice, kao i stru\u010dnjaci iz prakse pripremili za vas. [&hellip;]<\/p>\n","protected":false},"author":1,"featured_media":0,"parent":0,"menu_order":0,"comment_status":"closed","ping_status":"closed","template":"","meta":{"footnotes":""},"class_list":["post-731","page","type-page","status-publish","hentry"],"_links":{"self":[{"href":"https:\/\/air.ba\/index.php?rest_route=\/wp\/v2\/pages\/731","targetHints":{"allow":["GET"]}}],"collection":[{"href":"https:\/\/air.ba\/index.php?rest_route=\/wp\/v2\/pages"}],"about":[{"href":"https:\/\/air.ba\/index.php?rest_route=\/wp\/v2\/types\/page"}],"author":[{"embeddable":true,"href":"https:\/\/air.ba\/index.php?rest_route=\/wp\/v2\/users\/1"}],"replies":[{"embeddable":true,"href":"https:\/\/air.ba\/index.php?rest_route=%2Fwp%2Fv2%2Fcomments&post=731"}],"version-history":[{"count":11,"href":"https:\/\/air.ba\/index.php?rest_route=\/wp\/v2\/pages\/731\/revisions"}],"predecessor-version":[{"id":1774,"href":"https:\/\/air.ba\/index.php?rest_route=\/wp\/v2\/pages\/731\/revisions\/1774"}],"wp:attachment":[{"href":"https:\/\/air.ba\/index.php?rest_route=%2Fwp%2Fv2%2Fmedia&parent=731"}],"curies":[{"name":"wp","href":"https:\/\/api.w.org\/{rel}","templated":true}]}}