{"id":710,"date":"2024-03-16T19:25:15","date_gmt":"2024-03-16T19:25:15","guid":{"rendered":"https:\/\/air.ba\/?page_id=710"},"modified":"2024-03-27T10:42:26","modified_gmt":"2024-03-27T10:42:26","slug":"edukacija","status":"publish","type":"page","link":"https:\/\/air.ba\/?page_id=710","title":{"rendered":"Edukacija"},"content":{"rendered":"\r\n<div class=\"wp-block-columns is-layout-flex wp-container-core-columns-is-layout-28f84493 wp-block-columns-is-layout-flex\">\r\n<div class=\"wp-block-column is-layout-flow wp-block-column-is-layout-flow\" style=\"flex-basis: 33.33%;\">\r\n<div class=\"wp-block-columns is-layout-flex wp-container-core-columns-is-layout-28f84493 wp-block-columns-is-layout-flex\">\r\n<div class=\"wp-block-column has-global-padding is-content-justification-center is-layout-constrained wp-container-core-column-is-layout-79afaa5a wp-block-column-is-layout-constrained\" style=\"flex-basis: 75%; padding: 0 var(--wp--preset--spacing--70) 0 var(--wp--preset--spacing--70);\">\r\n<div class=\"wp-block-group wow zoomIn sidebar-box has-section-bg-background-color has-background has-global-padding is-layout-constrained wp-container-core-group-is-layout-c37c750b wp-block-group-is-layout-constrained\" style=\"border-radius: 10px; border-top-color: var(--wp--preset--color--custom-color-1); border-top-width: 4px; border-bottom-color: var(--wp--preset--color--custom-color-1); border-bottom-width: 4px; margin-bottom: 50px; padding: 20px;\">\r\n<ul class=\"wp-block-list\">\r\n<li><a href=\"https:\/\/air.ba\/?page_id=714\">Kontinuirana edukacija<\/a><\/li>\r\n\r\n\r\n\r\n<li><a href=\"https:\/\/air.ba\/?page_id=715\">KPE \u2013 bodovi<\/a><\/li>\r\n\r\n\r\n\r\n<li><a href=\"https:\/\/air.ba\/?page_id=716\">Edukacija na zahtjev<\/a><\/li>\r\n\r\n\r\n\r\n<li><a href=\"https:\/\/air.ba\/?page_id=717\">Propisi<\/a><\/li>\r\n<\/ul>\r\n<\/div>\r\n<\/div>\r\n<\/div>\r\n<\/div>\r\n\r\n\r\n\r\n<div class=\"wp-block-column is-layout-flow wp-block-column-is-layout-flow\" style=\"flex-basis: 66.66%;\">\r\n<h2 id=\"ko_smo_mi\" class=\"wp-block-heading has-custom-color-1-color has-text-color has-link-color wp-elements-ccb40b1ece150f266b8222ecba060e71\"><strong>Edukacija<\/strong><\/h2>\r\n\r\n\r\n\r\n<p>Akademsko-strukovno udru\u017eenje internih revizora u Bosni i Hercegovini organizuje obuku za sticanje zvanja ovla\u0161teni interni revizor.<\/p>\r\n<p>Upravni odbor Akademskog Udru\u017eenja mo\u017ee donijeti odluku da se organizuje ispit za sticanje zvanja ovla\u0161teni interni revizor uz poha\u0111anje obuke ili uz samostalnu pripremu i u\u010denje za pristupanje ispitu.<\/p>\r\n<p>Obuka se izvodi u skladu sa Nastavnim planovima i programima za sljede\u0107e specijalizacije:<\/p>\r\n<ul>\r\n<li>banke i finansijske institucije,<\/li>\r\n<li>osiguravaju\u0107a dru\u0161tva,<\/li>\r\n<li>privredu i<\/li>\r\n<li>informacione sisteme.<\/li>\r\n<\/ul>\r\n<p>Nastavne planove i programe mo\u017eete prona\u0107i na ovom <a href=\"http:\/\/air.ba\/index.php\/edukacija\/nastavni-programi\">linku.<\/a><\/p>\r\n<p><strong>Mjesto odr\u017eavanja:<\/strong> Ekonomski fakultet u Sarajevu, Poslovna Akademija<\/p>\r\n<p><strong>Program obuke<\/strong> traje 80 \u0161kolskih sati i sastoji se od dva dijela: Op\u0107i dio i Specijalisti\u010dki dio.<\/p>\r\n<p>Nastava se naj\u010de\u0161\u0107e odr\u017eava u dane vikenda:<\/p>\r\n<ul>\r\n<li>petak popodne (4 \u0161kolska \u010dasa)<\/li>\r\n<li>subota (8 \u0161kolskih \u010dasova)<\/li>\r\n<li>nedjelja (6 \u0161kolskih \u010dasova)<\/li>\r\n<\/ul>\r\n<p>Predava\u010di su Profesori sa Ekonomskog fakulteta u Sarajevu i Ekonomskog fakulteta u Zagrebu, kao i stru\u010dno osoblje iz prakse iz institucija BiH za svaku pojedina\u010dnu specijalizaciju.\u00a0<\/p>\r\n<p>Nakon odslu\u0161anog Programa obuke pola\u017ee se ispit na Poslovnoj Akademiji Ekonomskog fakulteta u Sarajevu. Nakon uspje\u0161no polo\u017eenog ispita sti\u010de se certifikat ovla\u0161tenog internog revizora za svaku pojedina\u010dnu specijalizaciju (banke i finansijske institucije, osiguravaju\u0107a dru\u0161tva, privreda ili informacioni sistemi).\u00a0<\/p>\r\n\r\n\r\n<hr class=\"wp-block-separator has-text-color has-custom-color-1-color has-alpha-channel-opacity has-custom-color-1-background-color has-background\" \/>\r\n\r\n\r\n<div class=\"wp-block-spacer\" style=\"height: 15px;\" aria-hidden=\"true\">\u00a0<\/div>\r\n<\/div>\r\n<\/div>\r\n","protected":false},"excerpt":{"rendered":"<p>Edukacija Akademsko-strukovno udru\u017eenje internih revizora u Bosni i Hercegovini organizuje obuku za sticanje zvanja ovla\u0161teni interni revizor. Upravni odbor Akademskog Udru\u017eenja mo\u017ee donijeti odluku da se organizuje ispit za sticanje zvanja ovla\u0161teni interni revizor uz poha\u0111anje obuke ili uz samostalnu pripremu i u\u010denje za pristupanje ispitu. Obuka se izvodi u skladu sa Nastavnim planovima i [&hellip;]<\/p>\n","protected":false},"author":1,"featured_media":0,"parent":0,"menu_order":0,"comment_status":"closed","ping_status":"closed","template":"","meta":{"footnotes":""},"class_list":["post-710","page","type-page","status-publish","hentry"],"_links":{"self":[{"href":"https:\/\/air.ba\/index.php?rest_route=\/wp\/v2\/pages\/710","targetHints":{"allow":["GET"]}}],"collection":[{"href":"https:\/\/air.ba\/index.php?rest_route=\/wp\/v2\/pages"}],"about":[{"href":"https:\/\/air.ba\/index.php?rest_route=\/wp\/v2\/types\/page"}],"author":[{"embeddable":true,"href":"https:\/\/air.ba\/index.php?rest_route=\/wp\/v2\/users\/1"}],"replies":[{"embeddable":true,"href":"https:\/\/air.ba\/index.php?rest_route=%2Fwp%2Fv2%2Fcomments&post=710"}],"version-history":[{"count":7,"href":"https:\/\/air.ba\/index.php?rest_route=\/wp\/v2\/pages\/710\/revisions"}],"predecessor-version":[{"id":989,"href":"https:\/\/air.ba\/index.php?rest_route=\/wp\/v2\/pages\/710\/revisions\/989"}],"wp:attachment":[{"href":"https:\/\/air.ba\/index.php?rest_route=%2Fwp%2Fv2%2Fmedia&parent=710"}],"curies":[{"name":"wp","href":"https:\/\/api.w.org\/{rel}","templated":true}]}}